2*g = -5*w + 2, 2*w + 3*g + o = -w. What is the remainder when w is divided by k?
0
Let s(j) = -10*j**2. Let x be s(1). Calculate the remainder when (1/((-2)/(-1)))/(x/(-820)) is divided by 22.
19
Let k be 42/6*(-2)/(-7). Calculate the remainder when 95 is divided by 4*16*k/4.
31
Suppose 10*i - 1230 = -140. Calculate the remainder when i is divided by 78.
31
Let k = 40 + -37. Suppose 18 = -k*z + 6*z. What is the remainder when 8 is divided by z?
2
Let q(v) = v**2 - 12*v + 94. Calculate the remainder when q(0) is divided by 2.
0
Let n(p) = p**2 + 4*p + 2. Let h = -15 - -11. Let y(k) = k**3 - 18*k**2 + 32*k + 7. Calculate the remainder when y(16) is divided by n(h).
1
Let z be (-2)/(-2) - (-1 - -2). Suppose z*y + 24 = 2*y. Suppose -y = -5*b + b. What is the remainder when 4 is divided by b?
1
Suppose 50*q + 6200 = 16350. Calculate the remainder when q is divided by 80.
43
Let i(k) = -320 + 6*k**2 + 12*k - 4*k**2 + 327. Calculate the remainder when 32 is divided by i(-7).
11
Let y = 31 - -43. Let a(x) = 5*x + 1. Calculate the remainder when y is divided by a(2).
8
Suppose 18 + 2 = 4*b, -l = -5*b + 14. Let o = l - 11. Suppose 15 = -o*f + f. Calculate the remainder when f is divided by 8.
7
Let i(s) = -s**3 - s**2 + 3*s - 4. Let z be i(-3). Suppose -z*r - 8 = -78. Let t(x) = 52*x**3 + 2*x**2 - x. Calculate the remainder when t(1) is divided by r.
11
Suppose 34*t - 3*s + 129 = 38*t, -168 = -5*t + 3*s. What is the remainder when t is divided by 19?
14
Suppose -76 = 3*p + h - 0*h, 0 = -4*p - 5*h - 105. Let f = p - -55. Suppose f + 18 = 4*q. What is the remainder when 32 is divided by q?
8
Suppose 0 = -t - 2*i - 13, -5*t = -7*i + 4*i + 104. Let q = -17 - t. What is the remainder when 29 is divided by q?
1
Let a(o) = o + 53. Let t(p) = 2*p**2 - 2. Let s be t(2). Let j = s - 6. Calculate the remainder when a(j) is divided by 14.
11
Suppose 4*d = -w + 378, -3*d + 2*w + 271 = -7. Suppose s + 100 = 4*y, -17*y + 14*y - 4*s + 56 = 0. Calculate the remainder when d is divided by y.
22
Let m = 14 - -2. Suppose 3*k + m = 3*b + 4, -17 = -2*b - k. Calculate the remainder when 12 is divided by b.
5
Let b be (8/2)/(6/21). Calculate the remainder when 84 is divided by 312/b - (-22)/(-77).
18
Let c(n) = 4*n - 2. Let h be c(8). Let d = h - 10. What is the remainder when d is divided by 11?
9
Suppose 3*o + 163 = 553. What is the remainder when (-18)/(-4)*o/39 is divided by 5?
0
Calculate the remainder when ((-12)/10 + 0)/(123/(-12505)) is divided by 25.
22
Suppose 4*b - 35*i + 34*i = 97, 2*i + 2 = 0. Let x(w) = -17*w + 3. What is the remainder when x(-4) is divided by b?
23
Suppose w = -x - 4*x + 139, 4*w = -2*x + 592. Calculate the remainder when w is divided by 38.
35
Suppose 2*t - 97 = 2*o - 27, -t + 95 = -3*o. Let g = -174 + 161. Let u = g - o. What is the remainder when u is divided by 6?
5
Let d = 98 + -93. Suppose -d*j = -x - 10, -x + 0*x - 4*j = -26. Let r(b) = 38*b + 1. What is the remainder when r(1) is divided by x?
9
Suppose -40 = -30*i + 35*i. Let q(y) = 2*y**2 + y - 19. What is the remainder when q(i) is divided by 34?
33
Suppose 0 = 3*c - g - 37, 2*c + 5 = 3*g + 18. Suppose 2*m + 2*n = -2*n + c, 3*m - 42 = n. What is the remainder when m/((-1 + 5)/4) is divided by 3?
1
Suppose i - 3*i = -6. Suppose i*u = 3*p + 60 - 186, 0 = -4*p - 5*u + 123. Calculate the remainder when p is divided by 14.
9
Let i = -15 - -66. Let j = -44 + i. Calculate the remainder when 27 is divided by j.
6
Let f = -70 + 71. Suppose -4*a + f = 3*i - 172, 0 = 2*i - 5*a - 146. Calculate the remainder when i is divided by 32.
31
Let w(n) = n**3 + 7*n**2 - 5*n. Suppose 0 = 3*o + y - 39, 3*o + 6 = 5*y + 45. What is the remainder when w(-7) is divided by o?
9
Suppose 3*l - 243 = -5*h, -6*h = -4*l - 8*h + 310. What is the remainder when l is divided by 10?
6
Let z = -517 + 546. Calculate the remainder when z is divided by 11.
7
Let q = 446 - 307. Suppose 23 = -6*z + 191. Calculate the remainder when q is divided by z.
27
Let j(q) = q**2 - 9*q + 3. Let l = -6 + 16. What is the remainder when 62 is divided by j(l)?
10
Suppose 3*o - 5 = 49. Suppose -i + 2*i = o. Suppose -2*d + q = -68, -2*q + 4*q + 169 = 5*d. Calculate the remainder when d is divided by i.
15
Let z = 15 - 8. Let l be (-32 - (2 + 2)) + 6. What is the remainder when 6/(-2)*320/l is divided by z?
4
Let l(g) = 9*g**3 + g - 2. Calculate the remainder when l(1) is divided by 7.
1
Let i = 91 + -27. Calculate the remainder when 127 is divided by i.
63
Let u(i) = i**2 + 9*i - 4. Let d be u(-10). Suppose -8*v + d*v = -8. Suppose -v*o - o = -380. Calculate the remainder when o is divided by 26.
24
Suppose 4*t - 152 = -0*t. Let m = 367 + -71. Suppose -42*b = -38*b - m. Calculate the remainder when b is divided by t.
36
Let b be 0 - (2/1 + 12). Let m = -2 - b. Calculate the remainder when (-6)/72 + (-5)/(-12)*77 is divided by m.
8
Let g(j) = -j - 1. Let k(s) = -43*s - 5. Let t(a) = 4*g(a) - k(a). Suppose -2*w + 2*i - 4 = 4, 2*i - 6 = 4*w. What is the remainder when t(w) is divided by 11?
7
Let c be (-1)/3 + 32/6. Suppose c*q = 2*q. Suppose -5*w + q*f = -4*f - 70, 0 = -2*w - 2*f + 28. What is the remainder when 68 is divided by w?
12
Suppose -6*u + 3*u = -4*p + 610, -5*p = 4*u + 803. Let i = -191 - u. Calculate the remainder when (6/5)/((-6)/(-260)) is divided by i.
8
Suppose k - 500 = 5*k. Let z = -109 - k. What is the remainder when 61 is divided by z?
13
Let c = -4 + 9. Let w(n) = -4*n + 6*n + 2 + 5*n. What is the remainder when w(c) is divided by 10?
7
Let n = -2018 - -2041. Calculate the remainder when 273 is divided by n.
20
Suppose 6*m = -2*t + 8*m + 70, -4*t = m - 140. Let j(g) = 45*g + 1. Let k be j(3). Suppose -f + k = f. Calculate the remainder when f is divided by t.
33
Suppose 2*v - 23 - 27 = 4*i, 0 = -i - 3*v + 5. What is the remainder when 40 is divided by (-4)/3 + i/15 + 13?
7
Suppose -290*h = -284*h - 462. Calculate the remainder when 300 is divided by h.
69
Suppose 0 = -16*d + 15*d, 4*w - 2*d = 1272. Calculate the remainder when w is divided by 54.
48
What is the remainder when (-654)/(-15) - (-114)/(-190) is divided by 18?
7
Let z = 745 - 691. What is the remainder when 114 is divided by z?
6
Let r = 15 + 2. Suppose -5*q + 58 = -2*o, -2*q + 33 - 1 = -3*o. Calculate the remainder when r is divided by q.
7
Let t(s) = -1. Let j(q) = -14*q - 15. Let p(v) = -j(v) + 2*t(v). Calculate the remainder when p(5) is divided by 21.
20
Suppose 873 - 2097 = -12*f. Calculate the remainder when f is divided by 13.
11
Let b = -479 - -515. Calculate the remainder when 188 is divided by b.
8
Suppose -5*y = -3*i + 183, 4*i = -i - 5*y + 305. Suppose 65*a = i*a + 216. What is the remainder when a is divided by 11?
10
Let b(t) = 44*t + 7. Calculate the remainder when b(5) is divided by (0 + (-2)/8)*-4*(-15 - -61).
43
Suppose -3*p + 3 = -3*y, 4*p = -y + 6*p. Let f be (80/(-140))/(y/14). Suppose 0 = -f*n + 73 + 51. Calculate the remainder when n is divided by 11.
9
Suppose 6*s - 7*s + 3 = 0. Suppose 2*r - 34 = 2*p, -s*r + 5*p = -39 - 4. What is the remainder when 74 is divided by r?
11
Suppose -i + 3*p + 12 = -7, -p = 5*i - 95. Let b = 18 + -12. Calculate the remainder when i is divided by b.
1
Let r(g) = 2*g**2 - 51*g + 28. Let k be r(22). Let h = k - -205. Calculate the remainder when h is divided by 27.
25
Let h(p) be the first derivative of -4 + 3*p - 3/2*p**2. Calculate the remainder when h(-3) is divided by 7.
5
Let a(h) = 66*h - 257. What is the remainder when a(14) is divided by 61?
57
Let s = 26 + -29. Let j be (0 + 1)/1 + s. Let c(t) = 3*t**2 + 1. Calculate the remainder when 36 is divided by c(j).
10
Suppose 2*k = -g + 2*g + 5, -4*g = 2*k. Let j = k + 6. Calculate the remainder when -34*((-12)/j)/3 is divided by 5.
2
Suppose -b - 2*b = -4*o - 22, -4*b - 3*o - 4 = 0. What is the remainder when (-9)/3 - (-56)/b is divided by 3/(-15) + (-1)/(10/(-92))?
7
Let q = -109 + 213. What is the remainder when 131 is divided by q?
27
Let w be -7 - (2 - 3)*-3. Let a be 4*-4*w/32. Calculate the remainder when 25 is divided by 3/((3 + -2)/a).
10
Let t be ((-16)/(-10))/(18/(-45)). Calculate the remainder when (-5 - t - -130)/(9/6) is divided by 30.
26
Suppose -6*t + 2*t = -104. Let n = -50 - -83. Suppose -3*a = 3*z - n, 2*z = -0*a - 3*a + 26. What is